{"id":2703,"date":"2026-03-02T13:51:51","date_gmt":"2026-03-02T18:51:51","guid":{"rendered":"https:\/\/www.pincc.unam.mx\/reducc\/?page_id=2703"},"modified":"2026-03-02T14:16:48","modified_gmt":"2026-03-02T19:16:48","slug":"unete","status":"publish","type":"page","link":"https:\/\/www.pincc.unam.mx\/reducc\/unete\/","title":{"rendered":"Convocatoria para formar parte de la Red Universitaria de Cambio Clim\u00e1tico"},"content":{"rendered":"<div class=\"wpb-content-wrapper\">[vc_row full_width=&#8221;stretch_row&#8221;][vc_column width=&#8221;1\/2&#8243;][vc_single_image source=&#8221;featured_image&#8221; img_size=&#8221;full&#8221; alignment=&#8221;center&#8221; css=&#8221;&#8221;][vc_btn title=&#8221;REGISTRO&#8221; color=&#8221;theme_secondary_btn&#8221; align=&#8221;center&#8221; i_align=&#8221;right&#8221; i_icon_fontawesome=&#8221;fa fa-solid fa-arrow-right&#8221; css=&#8221;&#8221; button_block=&#8221;true&#8221; add_icon=&#8221;true&#8221; link=&#8221;url:https%3A%2F%2Fforms.gle%2FqYL1Z6qR5AZurr4o8|target:_blank&#8221;][\/vc_column][vc_column width=&#8221;1\/2&#8243;][vc_custom_heading text=&#8221;Convocatoria para formar parte de la Red Universitaria de Cambio Clim\u00e1tico&#8221; font_container=&#8221;tag:h1|text_align:left&#8221; use_theme_fonts=&#8221;yes&#8221; css=&#8221;&#8221;][vc_separator color=&#8221;custom&#8221; align=&#8221;align_left&#8221; border_width=&#8221;3&#8243; el_width=&#8221;10&#8243; accent_color=&#8221;#3fb3ff&#8221;][vc_column_text css=&#8221;&#8221;]La Red Universitaria del Cambio Clim\u00e1tico (REDUCC) convoca a lxs universitarixs con inter\u00e9s en temas de cambio clim\u00e1tico a integrarse a esta red cuyo objetivo es generar un espacio multidisciplinario donde lxs j\u00f3venes aprendan, complementen y ampl\u00eden sus conocimientos sobre cambio clim\u00e1tico, abordando sus causas, efectos y estrategias de mitigaci\u00f3n y adaptaci\u00f3n mediante el intercambio de ideas, el debate y el an\u00e1lisis.[\/vc_column_text][vc_custom_heading text=&#8221;BASES&#8221; font_container=&#8221;tag:h3|text_align:left&#8221; use_theme_fonts=&#8221;yes&#8221; css=&#8221;&#8221;][vc_column_text css=&#8221;&#8221;]<strong>Requisitos:<\/strong><\/p>\n<ol>\n<li>\u00a0Ser parte de la comunidad universitaria, o tener inter\u00e9s genuino en aprender y compartir informaci\u00f3n sobre el cambio clim\u00e1tico.<\/li>\n<li>Contar con disponibilidad de tiempo y disposici\u00f3n de participar en reuniones para la creaci\u00f3n y desarrollo de actividades de divulgaci\u00f3n.<\/li>\n<li>Carta de exposici\u00f3n de motivos (formato PDF, m\u00e1ximo 1 cuartilla.<\/li>\n<\/ol>\n<p><strong>Proceso:<\/strong><\/p>\n<ol>\n<li>Realizar el registro mediante el formulario de google: <a href=\"https:\/\/forms.gle\/qYL1Z6qR5AZurr4o8\" target=\"_blank\" rel=\"noopener\">https:\/\/forms.gle\/qYL1Z6qR5AZurr4o8<\/a><\/li>\n<li>Responsables de la REDUCC se pondr\u00e1n en contacto para dar seguimiento a las postulaciones.<\/li>\n<\/ol>\n[\/vc_column_text][\/vc_column][\/vc_row][vc_row full_width=&#8221;stretch_row&#8221; css=&#8221;.vc_custom_1772478426221{margin-top: 45px !important;padding-top: 45px !important;padding-bottom: 45px !important;background-color: #E9FBFE !important;}&#8221;][vc_column][vc_column_text css=&#8221;&#8221;]\n<p style=\"text-align: center;\"><span style=\"color: #000000;\"><strong>Red Universitaria de Cambio Clim\u00e1tico, UNAM, PINCC, 2026<\/strong><\/span><\/p>\n<p style=\"text-align: center;\">Esta convocatoria tendr\u00e1 vigencia a partir de la fecha de publicaci\u00f3n y hasta noviembre de 2026.<br \/>\nM\u00e1s informaci\u00f3n o dudas: <a href=\"mailto:reducc@pincc.unam.mx\">reducc@pincc.unam.mx<\/a><\/p>\n<p style=\"text-align: center;\">Ciudad de M\u00e9xico; 27 de febrero del 2026<\/p>\n[\/vc_column_text][\/vc_column][\/vc_row][vc_row full_width=&#8221;stretch_row&#8221; css=&#8221;.vc_custom_1631634152807{padding-top: 45px !important;padding-bottom: 25px !important;}&#8221;][vc_column width=&#8221;1\/3&#8243;][vc_single_image image=&#8221;1768&#8243; img_size=&#8221;80&#215;90&#8243; alignment=&#8221;center&#8221;][\/vc_column][vc_column width=&#8221;1\/3&#8243;][vc_single_image image=&#8221;2279&#8243; img_size=&#8221;95X111&#8243; alignment=&#8221;center&#8221;][\/vc_column][vc_column width=&#8221;1\/3&#8243;][vc_single_image image=&#8221;1265&#8243; img_size=&#8221;82&#215;90&#8243; alignment=&#8221;center&#8221;][\/vc_column][\/vc_row]\n<\/div>","protected":false},"excerpt":{"rendered":"<p>[vc_row full_width=&#8221;stretch_row&#8221;][vc_column width=&#8221;1\/2&#8243;][vc_single_image source=&#8221;featured_image&#8221; img_size=&#8221;full&#8221; alignment=&#8221;center&#8221; css=&#8221;&#8221;][vc_btn title=&#8221;REGISTRO&#8221; color=&#8221;theme_secondary_btn&#8221; align=&#8221;center&#8221; i_align=&#8221;right&#8221; i_icon_fontawesome=&#8221;fa fa-solid fa-arrow-right&#8221; css=&#8221;&#8221; button_block=&#8221;true&#8221; add_icon=&#8221;true&#8221; link=&#8221;url:https%3A%2F%2Fforms.gle%2FqYL1Z6qR5AZurr4o8|target:_blank&#8221;][\/vc_column][vc_column width=&#8221;1\/2&#8243;][vc_custom_heading text=&#8221;Convocatoria para formar parte de la Red Universitaria de Cambio Clim\u00e1tico&#8221; font_container=&#8221;tag:h1|text_align:left&#8221; use_theme_fonts=&#8221;yes&#8221; css=&#8221;&#8221;][vc_separator color=&#8221;custom&#8221; align=&#8221;align_left&#8221; border_width=&#8221;3&#8243; el_width=&#8221;10&#8243; accent_color=&#8221;#3fb3ff&#8221;][vc_column_text css=&#8221;&#8221;]La Red Universitaria del Cambio Clim\u00e1tico (REDUCC) convoca a lxs universitarixs con inter\u00e9s en temas de cambio clim\u00e1tico a integrarse a esta red cuyo objetivo es generar un espacio multidisciplinario donde lxs j\u00f3venes aprendan, complementen y ampl\u00eden sus conocimientos sobre cambio clim\u00e1tico, abordando sus causas, efectos y estrategias de mitigaci\u00f3n y adaptaci\u00f3n mediante el intercambio de ideas, el debate y el an\u00e1lisis.[\/vc_column_text][vc_custom_heading text=&#8221;BASES&#8221; font_container=&#8221;tag:h3|text_align:left&#8221; use_theme_fonts=&#8221;yes&#8221; css=&#8221;&#8221;][vc_column_text css=&#8221;&#8221;]Requisitos: \u00a0Ser parte de la comunidad universitaria, o tener inter\u00e9s genuino en aprender y compartir informaci\u00f3n sobre el cambio clim\u00e1tico. Contar con disponibilidad de tiempo y disposici\u00f3n de participar en reuniones para la creaci\u00f3n y desarrollo de actividades de divulgaci\u00f3n. Carta de exposici\u00f3n de motivos (formato PDF, m\u00e1ximo 1 cuartilla. Proceso: Realizar el registro mediante el formulario de google: https:\/\/forms.gle\/qYL1Z6qR5AZurr4o8 Responsables de la REDUCC se pondr\u00e1n en contacto para dar seguimiento a las postulaciones. [\/vc_column_text][\/vc_column][\/vc_row][vc_row full_width=&#8221;stretch_row&#8221; css=&#8221;.vc_custom_1772478426221{margin-top: 45px !important;padding-top: 45px !important;padding-bottom: 45px !important;background-color: #E9FBFE !important;}&#8221;][vc_column][vc_column_text css=&#8221;&#8221;] Red Universitaria de Cambio Clim\u00e1tico, UNAM, PINCC, 2026 Esta convocatoria tendr\u00e1 vigencia a partir de la fecha de publicaci\u00f3n y hasta noviembre de 2026. M\u00e1s informaci\u00f3n o dudas: reducc@pincc.unam.mx Ciudad de M\u00e9xico; 27 de febrero del 2026 [\/vc_column_text][\/vc_column][\/vc_row][vc_row full_width=&#8221;stretch_row&#8221; css=&#8221;.vc_custom_1631634152807{padding-top: 45px !important;padding-bottom: 25px !important;}&#8221;][vc_column width=&#8221;1\/3&#8243;][vc_single_image image=&#8221;1768&#8243; img_size=&#8221;80&#215;90&#8243; alignment=&#8221;center&#8221;][\/vc_column][vc_column width=&#8221;1\/3&#8243;][vc_single_image image=&#8221;2279&#8243; img_size=&#8221;95X111&#8243; alignment=&#8221;center&#8221;][\/vc_column][vc_column width=&#8221;1\/3&#8243;][vc_single_image image=&#8221;1265&#8243; img_size=&#8221;82&#215;90&#8243; alignment=&#8221;center&#8221;][\/vc_column][\/vc_row]<\/p>\n","protected":false},"author":1,"featured_media":2718,"parent":0,"menu_order":0,"comment_status":"closed","ping_status":"closed","template":"","meta":{"footnotes":""},"class_list":["post-2703","page","type-page","status-publish","has-post-thumbnail","hentry"],"yoast_head":"<!-- This site is optimized with the Yoast SEO plugin v27.3 - https:\/\/yoast.com\/product\/yoast-seo-wordpress\/ -->\n<title>Convocatoria para formar parte de la Red Universitaria de Cambio Clim\u00e1tico - REDUCC<\/title>\n<meta name=\"robots\" content=\"index, follow, max-snippet:-1, max-image-preview:large, max-video-preview:-1\" \/>\n<link rel=\"canonical\" href=\"https:\/\/www.pincc.unam.mx\/reducc\/unete\/\" \/>\n<meta property=\"og:locale\" content=\"es_MX\" \/>\n<meta property=\"og:type\" content=\"article\" \/>\n<meta property=\"og:title\" content=\"Convocatoria para formar parte de la Red Universitaria de Cambio Clim\u00e1tico - REDUCC\" \/>\n<meta property=\"og:description\" content=\"[vc_row full_width=&#8221;stretch_row&#8221;][vc_column width=&#8221;1\/2&#8243;][vc_single_image source=&#8221;featured_image&#8221; img_size=&#8221;full&#8221; alignment=&#8221;center&#8221; css=&#8221;&#8221;][vc_btn title=&#8221;REGISTRO&#8221; color=&#8221;theme_secondary_btn&#8221; align=&#8221;center&#8221; i_align=&#8221;right&#8221; i_icon_fontawesome=&#8221;fa fa-solid fa-arrow-right&#8221; css=&#8221;&#8221; button_block=&#8221;true&#8221; add_icon=&#8221;true&#8221; link=&#8221;url:https%3A%2F%2Fforms.gle%2FqYL1Z6qR5AZurr4o8|target:_blank&#8221;][\/vc_column][vc_column width=&#8221;1\/2&#8243;][vc_custom_heading text=&#8221;Convocatoria para formar parte de la Red Universitaria de Cambio Clim\u00e1tico&#8221; font_container=&#8221;tag:h1|text_align:left&#8221; use_theme_fonts=&#8221;yes&#8221; css=&#8221;&#8221;][vc_separator color=&#8221;custom&#8221; align=&#8221;align_left&#8221; border_width=&#8221;3&#8243; el_width=&#8221;10&#8243; accent_color=&#8221;#3fb3ff&#8221;][vc_column_text css=&#8221;&#8221;]La Red Universitaria del Cambio Clim\u00e1tico (REDUCC) convoca a lxs universitarixs con inter\u00e9s en temas de cambio clim\u00e1tico a integrarse a esta red cuyo objetivo es generar un espacio multidisciplinario donde lxs j\u00f3venes aprendan, complementen y ampl\u00eden sus conocimientos sobre cambio clim\u00e1tico, abordando sus causas, efectos y estrategias de mitigaci\u00f3n y adaptaci\u00f3n mediante el intercambio de ideas, el debate y el an\u00e1lisis.[\/vc_column_text][vc_custom_heading text=&#8221;BASES&#8221; font_container=&#8221;tag:h3|text_align:left&#8221; use_theme_fonts=&#8221;yes&#8221; css=&#8221;&#8221;][vc_column_text css=&#8221;&#8221;]Requisitos: \u00a0Ser parte de la comunidad universitaria, o tener inter\u00e9s genuino en aprender y compartir informaci\u00f3n sobre el cambio clim\u00e1tico. Contar con disponibilidad de tiempo y disposici\u00f3n de participar en reuniones para la creaci\u00f3n y desarrollo de actividades de divulgaci\u00f3n. Carta de exposici\u00f3n de motivos (formato PDF, m\u00e1ximo 1 cuartilla. Proceso: Realizar el registro mediante el formulario de google: https:\/\/forms.gle\/qYL1Z6qR5AZurr4o8 Responsables de la REDUCC se pondr\u00e1n en contacto para dar seguimiento a las postulaciones. [\/vc_column_text][\/vc_column][\/vc_row][vc_row full_width=&#8221;stretch_row&#8221; css=&#8221;.vc_custom_1772478426221{margin-top: 45px !important;padding-top: 45px !important;padding-bottom: 45px !important;background-color: #E9FBFE !important;}&#8221;][vc_column][vc_column_text css=&#8221;&#8221;] Red Universitaria de Cambio Clim\u00e1tico, UNAM, PINCC, 2026 Esta convocatoria tendr\u00e1 vigencia a partir de la fecha de publicaci\u00f3n y hasta noviembre de 2026. M\u00e1s informaci\u00f3n o dudas: reducc@pincc.unam.mx Ciudad de M\u00e9xico; 27 de febrero del 2026 [\/vc_column_text][\/vc_column][\/vc_row][vc_row full_width=&#8221;stretch_row&#8221; css=&#8221;.vc_custom_1631634152807{padding-top: 45px !important;padding-bottom: 25px !important;}&#8221;][vc_column width=&#8221;1\/3&#8243;][vc_single_image image=&#8221;1768&#8243; img_size=&#8221;80&#215;90&#8243; alignment=&#8221;center&#8221;][\/vc_column][vc_column width=&#8221;1\/3&#8243;][vc_single_image image=&#8221;2279&#8243; img_size=&#8221;95X111&#8243; alignment=&#8221;center&#8221;][\/vc_column][vc_column width=&#8221;1\/3&#8243;][vc_single_image image=&#8221;1265&#8243; img_size=&#8221;82&#215;90&#8243; alignment=&#8221;center&#8221;][\/vc_column][\/vc_row]\" \/>\n<meta property=\"og:url\" content=\"https:\/\/www.pincc.unam.mx\/reducc\/unete\/\" \/>\n<meta property=\"og:site_name\" content=\"REDUCC\" \/>\n<meta property=\"article:modified_time\" content=\"2026-03-02T19:16:48+00:00\" \/>\n<meta property=\"og:image\" content=\"https:\/\/www.pincc.unam.mx\/reducc\/wp-content\/uploads\/2026\/03\/conv-reducc-2026.jpg\" \/>\n\t<meta property=\"og:image:width\" content=\"1080\" \/>\n\t<meta property=\"og:image:height\" content=\"1350\" \/>\n\t<meta property=\"og:image:type\" content=\"image\/jpeg\" \/>\n<meta name=\"twitter:card\" content=\"summary_large_image\" \/>\n<meta name=\"twitter:label1\" content=\"Tiempo de lectura\" \/>\n\t<meta name=\"twitter:data1\" content=\"2 minutos\" \/>\n<script type=\"application\/ld+json\" class=\"yoast-schema-graph\">{\"@context\":\"https:\\\/\\\/schema.org\",\"@graph\":[{\"@type\":\"WebPage\",\"@id\":\"https:\\\/\\\/www.pincc.unam.mx\\\/reducc\\\/unete\\\/\",\"url\":\"https:\\\/\\\/www.pincc.unam.mx\\\/reducc\\\/unete\\\/\",\"name\":\"Convocatoria para formar parte de la Red Universitaria de Cambio Clim\u00e1tico - REDUCC\",\"isPartOf\":{\"@id\":\"https:\\\/\\\/www.pincc.unam.mx\\\/reducc\\\/#website\"},\"primaryImageOfPage\":{\"@id\":\"https:\\\/\\\/www.pincc.unam.mx\\\/reducc\\\/unete\\\/#primaryimage\"},\"image\":{\"@id\":\"https:\\\/\\\/www.pincc.unam.mx\\\/reducc\\\/unete\\\/#primaryimage\"},\"thumbnailUrl\":\"https:\\\/\\\/i0.wp.com\\\/www.pincc.unam.mx\\\/reducc\\\/wp-content\\\/uploads\\\/2026\\\/03\\\/conv-reducc-2026.jpg?fit=1080%2C1350&ssl=1\",\"datePublished\":\"2026-03-02T18:51:51+00:00\",\"dateModified\":\"2026-03-02T19:16:48+00:00\",\"breadcrumb\":{\"@id\":\"https:\\\/\\\/www.pincc.unam.mx\\\/reducc\\\/unete\\\/#breadcrumb\"},\"inLanguage\":\"es\",\"potentialAction\":[{\"@type\":\"ReadAction\",\"target\":[\"https:\\\/\\\/www.pincc.unam.mx\\\/reducc\\\/unete\\\/\"]}]},{\"@type\":\"ImageObject\",\"inLanguage\":\"es\",\"@id\":\"https:\\\/\\\/www.pincc.unam.mx\\\/reducc\\\/unete\\\/#primaryimage\",\"url\":\"https:\\\/\\\/i0.wp.com\\\/www.pincc.unam.mx\\\/reducc\\\/wp-content\\\/uploads\\\/2026\\\/03\\\/conv-reducc-2026.jpg?fit=1080%2C1350&ssl=1\",\"contentUrl\":\"https:\\\/\\\/i0.wp.com\\\/www.pincc.unam.mx\\\/reducc\\\/wp-content\\\/uploads\\\/2026\\\/03\\\/conv-reducc-2026.jpg?fit=1080%2C1350&ssl=1\",\"width\":1080,\"height\":1350},{\"@type\":\"BreadcrumbList\",\"@id\":\"https:\\\/\\\/www.pincc.unam.mx\\\/reducc\\\/unete\\\/#breadcrumb\",\"itemListElement\":[{\"@type\":\"ListItem\",\"position\":1,\"name\":\"Inicio\",\"item\":\"https:\\\/\\\/www.pincc.unam.mx\\\/reducc\\\/\"},{\"@type\":\"ListItem\",\"position\":2,\"name\":\"Convocatoria para formar parte de la Red Universitaria de Cambio Clim\u00e1tico\"}]},{\"@type\":\"WebSite\",\"@id\":\"https:\\\/\\\/www.pincc.unam.mx\\\/reducc\\\/#website\",\"url\":\"https:\\\/\\\/www.pincc.unam.mx\\\/reducc\\\/\",\"name\":\"REDUCC\",\"description\":\"Red Universitaria de Cambio Clim\u00e1tico\",\"potentialAction\":[{\"@type\":\"SearchAction\",\"target\":{\"@type\":\"EntryPoint\",\"urlTemplate\":\"https:\\\/\\\/www.pincc.unam.mx\\\/reducc\\\/?s={search_term_string}\"},\"query-input\":{\"@type\":\"PropertyValueSpecification\",\"valueRequired\":true,\"valueName\":\"search_term_string\"}}],\"inLanguage\":\"es\"}]}<\/script>\n<!-- \/ Yoast SEO plugin. -->","yoast_head_json":{"title":"Convocatoria para formar parte de la Red Universitaria de Cambio Clim\u00e1tico - REDUCC","robots":{"index":"index","follow":"follow","max-snippet":"max-snippet:-1","max-image-preview":"max-image-preview:large","max-video-preview":"max-video-preview:-1"},"canonical":"https:\/\/www.pincc.unam.mx\/reducc\/unete\/","og_locale":"es_MX","og_type":"article","og_title":"Convocatoria para formar parte de la Red Universitaria de Cambio Clim\u00e1tico - REDUCC","og_description":"[vc_row full_width=&#8221;stretch_row&#8221;][vc_column width=&#8221;1\/2&#8243;][vc_single_image source=&#8221;featured_image&#8221; img_size=&#8221;full&#8221; alignment=&#8221;center&#8221; css=&#8221;&#8221;][vc_btn title=&#8221;REGISTRO&#8221; color=&#8221;theme_secondary_btn&#8221; align=&#8221;center&#8221; i_align=&#8221;right&#8221; i_icon_fontawesome=&#8221;fa fa-solid fa-arrow-right&#8221; css=&#8221;&#8221; button_block=&#8221;true&#8221; add_icon=&#8221;true&#8221; link=&#8221;url:https%3A%2F%2Fforms.gle%2FqYL1Z6qR5AZurr4o8|target:_blank&#8221;][\/vc_column][vc_column width=&#8221;1\/2&#8243;][vc_custom_heading text=&#8221;Convocatoria para formar parte de la Red Universitaria de Cambio Clim\u00e1tico&#8221; font_container=&#8221;tag:h1|text_align:left&#8221; use_theme_fonts=&#8221;yes&#8221; css=&#8221;&#8221;][vc_separator color=&#8221;custom&#8221; align=&#8221;align_left&#8221; border_width=&#8221;3&#8243; el_width=&#8221;10&#8243; accent_color=&#8221;#3fb3ff&#8221;][vc_column_text css=&#8221;&#8221;]La Red Universitaria del Cambio Clim\u00e1tico (REDUCC) convoca a lxs universitarixs con inter\u00e9s en temas de cambio clim\u00e1tico a integrarse a esta red cuyo objetivo es generar un espacio multidisciplinario donde lxs j\u00f3venes aprendan, complementen y ampl\u00eden sus conocimientos sobre cambio clim\u00e1tico, abordando sus causas, efectos y estrategias de mitigaci\u00f3n y adaptaci\u00f3n mediante el intercambio de ideas, el debate y el an\u00e1lisis.[\/vc_column_text][vc_custom_heading text=&#8221;BASES&#8221; font_container=&#8221;tag:h3|text_align:left&#8221; use_theme_fonts=&#8221;yes&#8221; css=&#8221;&#8221;][vc_column_text css=&#8221;&#8221;]Requisitos: \u00a0Ser parte de la comunidad universitaria, o tener inter\u00e9s genuino en aprender y compartir informaci\u00f3n sobre el cambio clim\u00e1tico. Contar con disponibilidad de tiempo y disposici\u00f3n de participar en reuniones para la creaci\u00f3n y desarrollo de actividades de divulgaci\u00f3n. Carta de exposici\u00f3n de motivos (formato PDF, m\u00e1ximo 1 cuartilla. Proceso: Realizar el registro mediante el formulario de google: https:\/\/forms.gle\/qYL1Z6qR5AZurr4o8 Responsables de la REDUCC se pondr\u00e1n en contacto para dar seguimiento a las postulaciones. [\/vc_column_text][\/vc_column][\/vc_row][vc_row full_width=&#8221;stretch_row&#8221; css=&#8221;.vc_custom_1772478426221{margin-top: 45px !important;padding-top: 45px !important;padding-bottom: 45px !important;background-color: #E9FBFE !important;}&#8221;][vc_column][vc_column_text css=&#8221;&#8221;] Red Universitaria de Cambio Clim\u00e1tico, UNAM, PINCC, 2026 Esta convocatoria tendr\u00e1 vigencia a partir de la fecha de publicaci\u00f3n y hasta noviembre de 2026. M\u00e1s informaci\u00f3n o dudas: reducc@pincc.unam.mx Ciudad de M\u00e9xico; 27 de febrero del 2026 [\/vc_column_text][\/vc_column][\/vc_row][vc_row full_width=&#8221;stretch_row&#8221; css=&#8221;.vc_custom_1631634152807{padding-top: 45px !important;padding-bottom: 25px !important;}&#8221;][vc_column width=&#8221;1\/3&#8243;][vc_single_image image=&#8221;1768&#8243; img_size=&#8221;80&#215;90&#8243; alignment=&#8221;center&#8221;][\/vc_column][vc_column width=&#8221;1\/3&#8243;][vc_single_image image=&#8221;2279&#8243; img_size=&#8221;95X111&#8243; alignment=&#8221;center&#8221;][\/vc_column][vc_column width=&#8221;1\/3&#8243;][vc_single_image image=&#8221;1265&#8243; img_size=&#8221;82&#215;90&#8243; alignment=&#8221;center&#8221;][\/vc_column][\/vc_row]","og_url":"https:\/\/www.pincc.unam.mx\/reducc\/unete\/","og_site_name":"REDUCC","article_modified_time":"2026-03-02T19:16:48+00:00","og_image":[{"width":1080,"height":1350,"url":"https:\/\/www.pincc.unam.mx\/reducc\/wp-content\/uploads\/2026\/03\/conv-reducc-2026.jpg","type":"image\/jpeg"}],"twitter_card":"summary_large_image","twitter_misc":{"Tiempo de lectura":"2 minutos"},"schema":{"@context":"https:\/\/schema.org","@graph":[{"@type":"WebPage","@id":"https:\/\/www.pincc.unam.mx\/reducc\/unete\/","url":"https:\/\/www.pincc.unam.mx\/reducc\/unete\/","name":"Convocatoria para formar parte de la Red Universitaria de Cambio Clim\u00e1tico - REDUCC","isPartOf":{"@id":"https:\/\/www.pincc.unam.mx\/reducc\/#website"},"primaryImageOfPage":{"@id":"https:\/\/www.pincc.unam.mx\/reducc\/unete\/#primaryimage"},"image":{"@id":"https:\/\/www.pincc.unam.mx\/reducc\/unete\/#primaryimage"},"thumbnailUrl":"https:\/\/i0.wp.com\/www.pincc.unam.mx\/reducc\/wp-content\/uploads\/2026\/03\/conv-reducc-2026.jpg?fit=1080%2C1350&ssl=1","datePublished":"2026-03-02T18:51:51+00:00","dateModified":"2026-03-02T19:16:48+00:00","breadcrumb":{"@id":"https:\/\/www.pincc.unam.mx\/reducc\/unete\/#breadcrumb"},"inLanguage":"es","potentialAction":[{"@type":"ReadAction","target":["https:\/\/www.pincc.unam.mx\/reducc\/unete\/"]}]},{"@type":"ImageObject","inLanguage":"es","@id":"https:\/\/www.pincc.unam.mx\/reducc\/unete\/#primaryimage","url":"https:\/\/i0.wp.com\/www.pincc.unam.mx\/reducc\/wp-content\/uploads\/2026\/03\/conv-reducc-2026.jpg?fit=1080%2C1350&ssl=1","contentUrl":"https:\/\/i0.wp.com\/www.pincc.unam.mx\/reducc\/wp-content\/uploads\/2026\/03\/conv-reducc-2026.jpg?fit=1080%2C1350&ssl=1","width":1080,"height":1350},{"@type":"BreadcrumbList","@id":"https:\/\/www.pincc.unam.mx\/reducc\/unete\/#breadcrumb","itemListElement":[{"@type":"ListItem","position":1,"name":"Inicio","item":"https:\/\/www.pincc.unam.mx\/reducc\/"},{"@type":"ListItem","position":2,"name":"Convocatoria para formar parte de la Red Universitaria de Cambio Clim\u00e1tico"}]},{"@type":"WebSite","@id":"https:\/\/www.pincc.unam.mx\/reducc\/#website","url":"https:\/\/www.pincc.unam.mx\/reducc\/","name":"REDUCC","description":"Red Universitaria de Cambio Clim\u00e1tico","potentialAction":[{"@type":"SearchAction","target":{"@type":"EntryPoint","urlTemplate":"https:\/\/www.pincc.unam.mx\/reducc\/?s={search_term_string}"},"query-input":{"@type":"PropertyValueSpecification","valueRequired":true,"valueName":"search_term_string"}}],"inLanguage":"es"}]}},"jetpack_shortlink":"https:\/\/wp.me\/Pd21Bl-HB","jetpack_sharing_enabled":true,"_links":{"self":[{"href":"https:\/\/www.pincc.unam.mx\/reducc\/wp-json\/wp\/v2\/pages\/2703","targetHints":{"allow":["GET"]}}],"collection":[{"href":"https:\/\/www.pincc.unam.mx\/reducc\/wp-json\/wp\/v2\/pages"}],"about":[{"href":"https:\/\/www.pincc.unam.mx\/reducc\/wp-json\/wp\/v2\/types\/page"}],"author":[{"embeddable":true,"href":"https:\/\/www.pincc.unam.mx\/reducc\/wp-json\/wp\/v2\/users\/1"}],"replies":[{"embeddable":true,"href":"https:\/\/www.pincc.unam.mx\/reducc\/wp-json\/wp\/v2\/comments?post=2703"}],"version-history":[{"count":13,"href":"https:\/\/www.pincc.unam.mx\/reducc\/wp-json\/wp\/v2\/pages\/2703\/revisions"}],"predecessor-version":[{"id":2720,"href":"https:\/\/www.pincc.unam.mx\/reducc\/wp-json\/wp\/v2\/pages\/2703\/revisions\/2720"}],"wp:featuredmedia":[{"embeddable":true,"href":"https:\/\/www.pincc.unam.mx\/reducc\/wp-json\/wp\/v2\/media\/2718"}],"wp:attachment":[{"href":"https:\/\/www.pincc.unam.mx\/reducc\/wp-json\/wp\/v2\/media?parent=2703"}],"curies":[{"name":"wp","href":"https:\/\/api.w.org\/{rel}","templated":true}]}}